uppose -7*s - 540 = -43*s. Calculate the remainder when 161 is divided by s.
11
Let a be 80/20 + (5 - 1). What is the remainder when 88 is divided by 6/a + 234/8?
28
Let y(q) = -q**3 + q**2 - 7*q + 68. What is the remainder when y(0) is divided by (-2)/(-4)*(26 - -2)?
12
Suppose z + z = 56. What is the remainder when 21 is divided by z/7*(-11)/(-4)?
10
Suppose 116*u + 154 = 127*u. Suppose 3*l + 19 + 2 = 0. Let d(z) = z**3 + 8*z**2 + 4*z + 4. Calculate the remainder when d(l) is divided by u.
11
Let m be (30*1)/((-12)/(-8)) - 3. Suppose 91 = 4*h - 3*f, -5*h - 5*f - m = -87. Calculate the remainder when h is divided by 32/6 - (-3)/(-9).
4
Let l be (-15)/5 - 3/(-3). Suppose -3*b = -4*b + 67. Calculate the remainder when b is divided by (-34 + 0/2)/l.
16
Let k(f) = -10*f**3 + 3*f**2 - 7*f. Let n(m) = 220*m**3 - 65*m**2 + 155*m. Let c(v) = -45*k(v) - 2*n(v). What is the remainder when c(2) is divided by 18?
16
Let t = 726 - 629. What is the remainder when 676 is divided by t?
94
Calculate the remainder when 80 is divided by (-3 - -2)*-1*(-2295)/(-85).
26
Suppose -6*b = -3*b. Let n = b + 0. Suppose y + 4*p - 26 = -n*p, -4*y - 2*p = -34. Calculate the remainder when 11 is divided by y.
5
Let i = 28 - 18. Let l = -227 - -286. Calculate the remainder when l is divided by i.
9
Let c(f) = f + 9. What is the remainder when c(15) is divided by 7?
3
Suppose -186 = -o - 2*o. What is the remainder when o is divided by 34?
28
Let i(d) = -95*d**3 + 2*d**2 + d. Let m = 14 - 15. Calculate the remainder when i(m) is divided by 20.
16
Let d(o) be the first derivative of 4*o**2 + 5*o - 5. Calculate the remainder when d(8) is divided by 14.
13
Let c(z) = z**3 - 12*z**2 + 7*z + 5. Let t be c(11). Let k = -18 - t. What is the remainder when k is divided by 5?
1
Suppose -3*p - 22*p + 225 = 0. Calculate the remainder when (-2 - -1) + 15 + 0 is divided by p.
5
Let b = 40 - 24. Suppose -3*p + 4*k = -17, 3 + b = 5*p - 2*k. Calculate the remainder when 6 - 5/(-3 + -2) is divided by p.
1
Let a(i) = -7*i**2 + 160*i + 47. What is the remainder when 225 is divided by a(23)?
9
Let c(u) = -u**2 - 12*u + 26. Let h be c(-9). Suppose 3*s + m - 3*m - h = 0, -5*s + 3*m + 89 = 0. What is the remainder when 42 is divided by s?
4
Let f be (5/(-30)*-3)/((-2)/(-12)). Suppose 68 = j + f*j. What is the remainder when j is divided by 9?
8
Let c(q) = 31*q**2 - q. Calculate the remainder when (-7)/((-196)/1582)*1 + 2/(-4) is divided by c(1).
26
Suppose -5*y = -s - 8, 2*s = 4*s - 2*y. Calculate the remainder when 4 is divided by s.
0
Let i = 387 - 370. Calculate the remainder when 30 is divided by i.
13
Let w = 6317 + -6292. Let f = -47 - -117. What is the remainder when f is divided by w?
20
Suppose b - 190 = -4*b. Let f be (-9)/((-18)/(-4)) - -107. Calculate the remainder when b is divided by 3*(-5 + f/9).
18
Suppose 803 - 273 = 5*y. Suppose -a + 2652 = 11*a. Let h = a - y. What is the remainder when h is divided by 29?
28
Suppose m = -r + 4, -3 + 7 = r - 4*m. What is the remainder when 21 is divided by 5 + -2 + r + 6?
8
Suppose -3*a = 36 - 195. Suppose 0 = 2*h + c - 5*c - 46, 3*h + 5*c - 102 = 0. What is the remainder when a is divided by h?
24
Calculate the remainder when 97 is divided by ((-150)/(-5))/(-6)*(-1 - 1).
7
Let r(u) = u**3 + 28*u**2 - 65*u + 9. Calculate the remainder when r(-30) is divided by 18.
15
Let h(v) = 22*v**2 - 30*v - 129. Calculate the remainder when h(-4) is divided by 121.
101
Let f(j) = 20*j**2 + 6*j - 4. Calculate the remainder when f(4) is divided by 38.
36
Let t be 4/6*(-3 + 0). Let w = t + 26. Let x = 146 - 77. What is the remainder when x is divided by w?
21
Let o(s) = -s**2 - 2*s + 10. Let i be (-4 + 13)*(-2)/(-6). Suppose 0*n - 39 = -i*n. What is the remainder when n is divided by o(-3)?
6
Suppose 0 = 5*d + 5*k - 85, -4*k = -6*k + 8. Let o(r) = -2*r**2 - 53*r - 172. Calculate the remainder when o(-20) is divided by d.
10
Suppose 29 = 4*z - 59. Suppose m - 26 = -5*y, 0 = 3*m + 2*m - 2*y - z. Suppose -2*n = -26 - 20. What is the remainder when n is divided by m?
5
Let t = 13 - 7. Let o(s) = -11*s + 21. Calculate the remainder when o(0) is divided by t.
3
Suppose 0 = -q + 3*z - 48 + 277, 3*z = -4*q + 901. Calculate the remainder when q is divided by 38.
36
What is the remainder when 168 is divided by 1/(2*(-8)/2208*-2)?
30
What is the remainder when 144 is divided by (46 - 7)/(3/2*1)?
14
What is the remainder when 40 is divided by (-23)/(-3)*(-91 - -94)?
17
Let x = 10 + -7. Suppose 0 = -x*z - 27 + 105. Let t = z - 18. Calculate the remainder when 28 is divided by t.
4
Suppose s - 160 = 5*a, 3*s - 5*a - 27 - 463 = 0. Let f = -101 + s. Calculate the remainder when f is divided by 34.
30
Suppose -3*c + 5*c + 1044 = 0. What is the remainder when (-3)/(-4) - c/8 is divided by (-12 + 15)*(0 + (-34)/(-6))?
15
Let o be (-30)/(-12)*24/(-15). Let h = 20 + o. Calculate the remainder when 47 is divided by h.
15
What is the remainder when 647 is divided by (-600)/45*9/(-12)?
7
Let g = 402 - 395. What is the remainder when 23 is divided by g?
2
Suppose -3*s + 10 = -5. Suppose -36 = -u + s*k, -4*u + 2*k - 2 = -56. Let l(q) = -q**3 - q**2 + 2*q + 42. Calculate the remainder when l(0) is divided by u.
9
Let q = -902 + 923. Calculate the remainder when 27 is divided by q.
6
Let h = 56 - 33. Suppose 4*g - g - 77 = 2*c, -g + h = -2*c. Let x = -13 - -23. Calculate the remainder when g is divided by x.
7
Suppose 0 = 2*p + 2*h - 224, -6 = h - 2. Let s be p/30 + 4/30. Suppose g = 3*d + 45, 0*g + 2*d = -s*g + 180. What is the remainder when g is divided by 16?
13
Let d = -410 - -649. Suppose d = 8*i + 55. What is the remainder when 180 is divided by i?
19
Suppose -3*p + 34 = 3*v - 20, p = -4. Let d(h) = -2*h**2 - 57*h + 50. Let k be d(-26). Let c = k + -168. What is the remainder when v is divided by c?
10
Let r be 566/(-6) + (-3)/18*-8. Let t = r + 129. Suppose -p = -s + 103, -3*p - 20 = -8*p. Calculate the remainder when s is divided by t.
35
Suppose 11*z = 5*z + 72. Calculate the remainder when 26 is divided by 5/(15/2) + 160/z.
12
Let d = 55 + -27. Suppose 4*b + 0*b = i - 20, -d = -2*i + 5*b. Suppose -5 = -y, -i*y = 5*l - 5*y. What is the remainder when l is divided by 1?
0
Let h be 0 - 4/((-16)/28). Suppose -3*d + h*d = 76. Suppose d + 3 = t + 4*f, -t + 27 = 5*f. What is the remainder when 4 is divided by t?
0
Let a be 20/(-25)*(-2 + 27). What is the remainder when 17 is divided by 4 + 5/(a/(-8))?
5
Let i be (-4)/(-8)*(-1 - -1). Suppose -3*l + 5*f = l - 60, i = -2*f. What is the remainder when 43 is divided by l?
13
Suppose 0 = 3*n - n - 12. Suppose -n*t + 33 + 45 = 0. Calculate the remainder when 36 is divided by t.
10
Let d(o) = o**3 - 46*o**2 + 249*o - 27. Calculate the remainder when d(40) is divided by 26.
21
Let z(s) = -s**3 + 20*s**2 - 9*s + 28. What is the remainder when z(6) is divided by 37?
34
Suppose -2*o = 10, 0 = 3*r - 6*r + 4*o + 95. What is the remainder when 223 is divided by r?
23
Suppose 4*m - 2*l - 10 = 0, -3*l - 5 = 3*m + m. Suppose -q = 5*t - 20, -5*t = -5*q + 9 + m. What is the remainder when q is divided by 4?
1
Let f(a) = -8*a - 95. Suppose 5*o - 3*i - 118 = 0, -o - 4*i + 30 = -3*i. What is the remainder when o is divided by f(-13)?
8
Let l = 163 + -29. Suppose -4*o + 94 = -l. What is the remainder when o is divided by 15?
12
Let t(j) be the first derivative of j**2/2 + 3*j + 10. Suppose -82 = -0*d - 2*d - 4*u, 3*u - 226 = -5*d. What is the remainder when d is divided by t(9)?
11
Suppose 5*c = 3*j - 205, 8*c - 7*c = 2*j - 146. Calculate the remainder when j is divided by 16.
11
Suppose 399 = -6*s - 93. Let n = -76 - s. What is the remainder when 15 is divided by n?
3
Let v(y) = y + 12. Let o be v(-12). Let b(c) = c**2 - c + 113. What is the remainder when b(o) is divided by 30?
23
Suppose -2*u + 5*v - 7*v = -64, u - v - 26 = 0. Suppose -b + 0*b + 15 = 0. Calculate the remainder when u is divided by b.
14
Calculate the remainder when (16/(-10))/((-3)/90) is divided by (-6)/9 + (-2)/(-18)*159.
14
Let l(a) = -a**2 + 38*a + 150. What is the remainder when l(39) is divided by 59?
52
Let t be 1/((-15)/(-10))*(-54)/(-4). Let m(l) = 2*l**2 - 14*l + 7. Calculate the remainder when m(t) is divided by 4.
3
What is the remainder when 93 is divided by (-50)/((-4 + 6